6*z - 144. Let f be k(9). Determine n(f).
-49
Suppose 5*c - 60 = 3*c. Let f = -23 + c. Let d(j) = -j**3 + 7*j**2 + 3*j - 10. Calculate d(f).
11
Let u(r) = 7*r**2 - 9*r + 2. Let n(x) = -x**2 + 2*x - 1. Let i(a) = -6*n(a) - u(a). Suppose 3*t = 3*f + 5*t, -t = 0. Suppose f = -q - 0 - 3. What is i(q)?
4
Suppose -7*v = -17*v + 750. Let p = 70 - v. Let d(k) = -k**2 - 7*k - 7. Determine d(p).
3
Let j(d) = 3*d + 14. Let q(s) = s**3 - 3*s**2 - 3*s - 3. Let c be q(4). Let b(t) = -1. Let o(i) = c*j(i) + 6*b(i). What is o(-6)?
-10
Let b(c) = -4*c**3 + 5*c**3 + 6*c**2 - 2*c**3 - 4*c. Suppose -195 + 27 = 4*h. Let d = -39 - h. Determine b(d).
15
Let d(a) = 2*a - 4. Let v be 26/(-143) + (-5)/(165/(-204)). Suppose z = -v + 2. Give d(z).
-12
Let b(f) = -f**2 + 9*f - 5. Let c be b(0). Let x(l) = l + 13. Calculate x(c).
8
Let t(n) = 3*n**2 - 3*n + 1. Let i(l) = -l**3 - l**2 + l. Let k(s) = i(s) - t(s). What is k(-5)?
4
Suppose -112*b + 22 = -101*b. Let k(o) = 22*o - 2. What is k(b)?
42
Let y(o) be the second derivative of -o**3/3 - 7*o**2/2 + 2*o + 15. Let u = -21 + 13. Give y(u).
9
Let b(h) be the third derivative of -h**6/120 + h**5/15 - h**4/24 - 215*h**2. Let n = 6 - 3. Determine b(n).
6
Let y(g) = -g - 23. Let k be -15 + (16/24)/((-4)/30). Calculate y(k).
-3
Let x(r) = -r**2 + 8*r - 6. Suppose -25*n = -30*n + 5. Let k be n - -1 - (-13 - -9). What is x(k)?
6
Suppose 12 = -m - 0*m + 4*l, 4 = -2*m + 4*l. Let r(i) be the first derivative of i**3/3 - 9*i**2/2 + 9*i + 1. Determine r(m).
1
Let p(m) be the third derivative of -5*m**4/24 - m**3/6 + 65*m**2. Determine p(1).
-6
Let o(g) = -16*g + g**3 - 3*g - 1 + 27*g - 5*g**2 - 3*g**2. Calculate o(7).
6
Suppose -y - y - 4 = -2*v, 4*y + 3*v = -36. Let h(n) = 6*n + 3. Let o(u) = 5*u + 4. Suppose 9 - 13 = -p. Let i(r) = p*h(r) - 5*o(r). Give i(y).
-2
Let j = -83 - -71. Let h(s) = s**3 + 13*s**2 + 14*s + 1. Give h(j).
-23
Let t(b) = 8 - 7 + b**2 - 4*b + 2. Let c be 52/(-13) - (1 - 9). Give t(c).
3
Let y(l) be the third derivative of l**6/120 - l**5/12 - 5*l**4/24 + l**3/2 - 320*l**2. Let g = 35 + -21. Suppose q = 4*c + g, 2*c - 7*c - 4 = q. Give y(q).
9
Let a(n) = 4*n + 7. Suppose -15 = -0*r - 3*r, -11 = g - r. Determine a(g).
-17
Suppose 8*r - 4*r + 20 = 0. Let i(h) = 5*h + 2. Let b(f) = 4*f + 1. Let w(k) = -4*b(k) + 3*i(k). Calculate w(r).
7
Suppose 4*q + 4*u - 32 = 0, u = -q + 4*u. Suppose -q*i = -i - 10. Let a(m) = -15 - i*m - 10 + 24 + m. Give a(-3).
2
Suppose 0 = 2*x - 6*x + 2*j + 84, -3*j = 4*x - 84. Suppose 7*g - 4*g - x = 0. Let k(d) = -d**2 + g*d + 0*d**2 - 3 - 7 + 5. What is k(4)?
7
Suppose 4*d - 23 = 5*t - 73, 0 = -4*t - 5*d - 1. Let h(g) = g**2 - 2*g - 8. Determine h(t).
16
Let f be (3 + -6 - -9) + 3. Suppose 6*j + f = -21. Let n(o) = o**2 + 5*o + 5. Determine n(j).
5
Suppose -o + 19 = 3*t - 6*o, 0 = 3*o - 3. Let k(w) = 7*w**2 - 4*w + 10*w - t*w**2 - 3. Let r(s) = 2*s + 5. Let m be r(0). What is k(m)?
2
Let t(x) = -x + 1. Suppose o = -o - 2*d - 24, -3*d - 15 = 0. Let v = -25 - -18. Let c = v - o. Give t(c).
1
Let n(d) = -2*d - 1. Let q(b) = -b**3 - 18*b**2 - 12*b - 2. Let h(t) = -2*n(t) - q(t). Give h(-17).
21
Let m = -5 - -5. Suppose -6 = -m*j + 3*j. Let a(k) = 2 - 2*k**2 - k - 6 - k + 2. What is a(j)?
-6
Let z be 1*5/(1 - 16)*-3. Let a(q) = -q**2 - q + 2. Calculate a(z).
0
Let t(a) be the first derivative of -a**4/2 + a**3/6 + 11*a + 9. Let u(g) be the first derivative of t(g). What is u(2)?
-22
Let v(z) be the third derivative of -13*z**5/60 + z**4/24 + z**3/6 - 18*z**2 + 9*z. Determine v(-2).
-53
Let c(u) = u**2 + 3*u + 4. Let o(y) = -2*y**3 - 2*y**2. Let k be o(1). Give c(k).
8
Let f(v) = -4*v - 2. Let w = -9 - -20. Let y(k) = k**2 - 13*k + 19. Let o be y(w). Give f(o).
10
Let w(r) = 8*r - 54. Let p(d) = -d + 8. Let u(a) = 20*p(a) + 3*w(a). What is u(2)?
6
Suppose -6*i = -2*n - 4*i + 10, 5 = 4*n - i. Let x(b) = b**2 + b - 9. Calculate x(n).
-9
Let h(p) = -p**3 - p**2 + 2*p + 1. Suppose 0 = 2*a + 6*a - 16. Let x(q) = q**2 - 2. Let t be x(a). Calculate h(t).
-7
Let z(h) = 11*h + 5. Let u(x) = 2*x - 6. Let t(m) = u(m) + z(m). Calculate t(-3).
-40
Let t(b) = b**2 - b - 3. Let p(f) = 9*f**2 - 5*f - 15. Let n(k) = -p(k) + 6*t(k). Determine n(-4).
-47
Suppose 0 = 28*o - 35 - 49. Let c(b) be the first derivative of 1/4*b**4 - o*b**2 - 2*b**3 - 4*b + 7. What is c(7)?
3
Let f(v) = v**2 + 3*v. Suppose 5*z - z + 24 = 0. What is f(z)?
18
Let q(o) = -20*o + 17*o + 71 - 75. Determine q(-5).
11
Let x(p) be the first derivative of 5*p**4/4 + 2*p**3/3 + p**2/2 + 1. Let h be (-110)/176 - 3/8. Determine x(h).
-4
Let d(f) = f**3 - 4*f**2 + f - 3. Suppose -2*q + 3 = -5. Let a be d(q). Let m(z) = 0 + a - 4 - 5*z - z**2 + 1. Calculate m(-4).
2
Let w(x) be the third derivative of x**5/60 - 2*x**4/3 - 4*x**3/3 - 2*x**2 + 2. What is w(16)?
-8
Let i(q) = -q + 10. Let o(j) be the second derivative of -j**3/3 + 10*j**2 - 41*j. Let s be o(7). Determine i(s).
4
Let h(q) = q**2 - 2*q - 53. Let x(w) = w**2 - 3*w - 46. Let f(y) = 3*h(y) - 4*x(y). Determine f(9).
-2
Let q be 0/2*10/20. Let j(k) = 5*k**3 - k**2 - 4*k + 2. Let d(n) = 6*n**3 - n**2 - 5*n + 1. Let v(t) = 4*d(t) - 5*j(t). Calculate v(q).
-6
Let a(u) = u**2 - 16*u + 19. Let v(i) = -6*i - 59. Let g be v(-12). What is a(g)?
-20
Let z(u) = -2*u + 5. Let a(f) = -f**2 - 10*f + 3. Let c be a(-10). Calculate z(c).
-1
Let k(l) = -1 - 5 - 1287*l - 1 + 1286*l. Determine k(-3).
-4
Let x(h) = -6*h**2 - h + h. Suppose 0 = 7*v - 17*v + 10. Let m be x(v). Let y(b) = -b - 4. Calculate y(m).
2
Let c(i) = i**2 - 5*i - 4. Let v(l) = -5*l**2 + 19*l + 15. Let d = 19 + -28. Let q(a) = d*c(a) - 2*v(a). Determine q(-7).
6
Let b(o) be the third derivative of o**6/120 + o**5/10 - o**4/24 + o**3/3 - 529*o**2. What is b(-5)?
32
Let d = 172 - 165. Let n(q) = -q + 2. Let v(r) = 2*r - 5. Let x(g) = -5*n(g) - 3*v(g). What is x(d)?
-2
Suppose -245 = -38*t + 97. Let q(i) = -i + 11. Give q(t).
2
Suppose -2*n = -5*c - 2, -4*n - 9*c + 4*c - 26 = 0. Let z(g) = g**2 - 3. Give z(n).
13
Let w(z) = -7*z**2 + 9. Let y(r) = -5*r**2 + r + 8. Let p(c) = 2*w(c) - 3*y(c). Calculate p(6).
12
Let t(d) = -4*d + 148. Let g be t(37). Let a(o) be the second derivative of 1/12*o**4 - 5/6*o**3 + 3*o + g + o**2. Calculate a(6).
8
Suppose -4*g - 6 = 3*c - 5*c, 0 = -3*g - 3. Let v(r) = 45*r**2 - 3*r + 3. Let d(t) = -23*t**2 + 2*t - 2. Let o(q) = -5*d(q) - 3*v(q). Calculate o(c).
-20
Let i(r) = -2*r - 6. Let o(z) = 79*z + 150. Let q be o(-2). What is i(q)?
10
Let j(y) = 14*y - y**2 + 11*y - 25*y. Give j(0).
0
Let v(u) be the first derivative of u**4/4 + 3*u**3 + 9*u**2/2 + 11*u - 55. Determine v(-8).
3
Let v(x) = -x**2 - 3*x - 4. Suppose -32 = -7*n + 3*n. Suppose 3 + 2 = 5*j + 5*c, 2*c + n = 0. Suppose -j*d - 16 = 4*a, 4*a = d + 3 + 5. Determine v(d).
-8
Suppose -g + 19 = 21. Let l(j) = -2*j**2 + j + 6. Let u(v) be the third derivative of v**5/60 - v**3/3 + v**2. Let k(x) = 4*l(x) + 11*u(x). Give k(g).
6
Suppose 16 + 16 = -32*g. Let a(n) = -5*n**3 - n**2 + 1. Give a(g).
5
Let v(n) = n**2 + 9*n + 7. Suppose 0*l + 14 = 7*l. Suppose -2*s + 4*h = l, 5*s - 3*h + 38 = -4*h. What is v(s)?
-7
Let l(i) = 2*i**3 - 23*i**2 + 5*i + 13. Let j(m) = m**3 - 13*m**2 + 2*m + 7. Let c(o) = 5*j(o) - 3*l(o). Give c(3).
-10
Let w(r) = 4*r - 6*r + 2*r - 1 + 4*r - 1. What is w(9)?
34
Let p(z) = -179 + 311 - 2*z - 160. Determine p(-14).
0
Let x = 8 + -5. Let t(g) = g**3 - g**2 - 4*g**x + 0*g**3. Suppose 0 = 30*h - 49*h + 19. What is t(h)?
-4
Let r(j) = j**3 + j**2 + j + 1. Let c(l) = -l. Let n(a) = -c(a) - r(a). Let m = 21 - 20. Let p(d) = d**3 - 2*d. Let z(h) = m*n(h) - p(h). Calculate z(1).
-2
Let q(s) = -5*s - 14. Let n(b) = 16*b + 41. Let k(g) = -2*n(g) - 7*q(g). What is k(-7)?
-5
Let w(j) be the first derivative of -42 - j - 17/2*j**2. Give w(1).
-18
Let r(h) = -h - 5. Suppose 3*v - 20 = 2*d + 39, 0 = 4*d + 4*v + 108. Let k = -12 - d. Let y = k - 11. Calculate r(y).
-10
Let i(u) = -2*u + 1. Suppose 2*d - 2*m = 19 - 5, -2*d + 4*m = -22. Suppose -3*s + d + 45 = 0. Suppose 6*b = 2*b + s. Determine i(b).
-7
Suppose -12 = -5*f - 2. Let r be ((-12)/9)/(f/(-6)). Let j(u) = u - 2*u + 6*u**2 - u**3 + 1 - 2*u**2. Give j(r).
-3
Let y(f) = -7*f + 13. Let i be (-30)/(-90)*(-15)/(-1). Determine y(i).
-22
Let j(r) = 2*r - 4*r + 1 + 22*r + 4*r. Give j(2).
49
Let n(q) 